*o + 5*l + j = -0*l. What is the remainder when o is divided by 17?
14
Suppose r - 5 = -5*h - 13, 0 = 3*r + 3*h. What is the remainder when 70 is divided by r/(-3) + 280/15?
16
Let k(n) = n**3 + n + 17. Suppose 13*o = 11*o + 18. Calculate the remainder when k(0) is divided by o.
8
Suppose -3*n = -0*n - 3. What is the remainder when 46 is divided by n + (49 + -3)/2?
22
Let x(f) = f**3 - 9*f**2 + f - 8. Let u be x(9). What is the remainder when 2 is divided by (-1 + 0)*(-1)/u?
0
Suppose -h - 66 = -3*h. Let y = h - 18. Let x(i) = -5*i - 7. Calculate the remainder when y is divided by x(-3).
7
Suppose -x + 25 = 4*r, -2*x - 3*r = -2*r - 22. Calculate the remainder when x is divided by 29/9 - (-4)/(-18).
0
Let x(v) = 7 - 4*v**2 + 5*v**2 + 2 - 8*v. Let t be x(6). What is the remainder when t/(35/(-16) - -2) is divided by 6?
4
Suppose -4*l = j + l - 10, 0 = -5*j + 3*l + 22. Calculate the remainder when 6 is divided by j.
1
Let s(j) = j**2 - 5*j - 10. Let x = -11 - -19. What is the remainder when s(9) is divided by (-2*x)/(-2) - -1?
8
Let s(m) = m - 4. Let p be s(6). Suppose -c - p*c = 12. Calculate the remainder when (-1435)/(-49) - c/(-14) is divided by 10.
9
Let c(a) = 3*a + 12. Let v be c(-9). Calculate the remainder when 27 - (1 + -1 + 2) is divided by (-192)/v - (-2)/10.
12
Suppose -8*f - 9*f = -1700. What is the remainder when f is divided by 51?
49
Suppose 0*x - 3*x = -51. Calculate the remainder when x is divided by 7.
3
What is the remainder when 68 - ((-4)/14 - 12/7) is divided by 18?
16
Suppose -12*l + 15*l = 15. Suppose 2*q + 2*a - 131 = a, l*q - 332 = -4*a. Calculate the remainder when q is divided by 17.
13
Let d(b) = -14*b**2 + 13*b + 56. Let s(o) = 5*o**2 - 4*o - 19. Let k(f) = 6*d(f) + 17*s(f). What is the remainder when k(-9) is divided by 3?
1
Let y(n) = -n**2 - n - 20. Let h be y(0). Let x = h + 37. Calculate the remainder when x is divided by 6.
5
Let z = 27 - 18. Suppose -s = -4, -2*i + 3*s + 26 = s. What is the remainder when i is divided by z?
8
Let w(h) = -h - 1. Let s be w(-4). Let y be -2*(-2)/4 + 38. Suppose 4*r + s*i + 14 = 51, i - y = -4*r. Calculate the remainder when 29 is divided by r.
9
Let o = -82 - -251. Suppose 196 = -5*v - 394. Let k = v + o. Calculate the remainder when k is divided by 13.
12
Let n(d) = -2*d. Suppose t - 13 = -4. Calculate the remainder when t is divided by n(-3).
3
Let h(o) = o + 3*o - 2*o. Suppose 2*n - d = 5, -n = 4*n - 2*d - 12. Calculate the remainder when 11 is divided by h(n).
3
Let k(w) = -4*w + 6. Let p(v) = -5*v + 7. Let s(d) = 6*k(d) - 5*p(d). What is the remainder when 17 is divided by s(8)?
8
Let u(a) = a**2 + 7*a + 8. Let w be u(-6). Suppose 1 = -3*s - w. Let c = s + 7. What is the remainder when 10 is divided by c?
4
Suppose x - 4*o - 60 = -o, 2*x - 4*o = 122. What is the remainder when x is divided by 17?
12
Suppose 57*o = 58*o - 13. What is the remainder when 49 is divided by o?
10
Let y = 74 + -164. Let z = y - -137. Calculate the remainder when z is divided by 16.
15
Suppose -22*j + 32*j - 70 = 0. Let a = -14 - -33. Suppose 0*t - t = 3*m - a, -3*m - 5 = -5*t. Calculate the remainder when j is divided by t.
3
Let v(d) = -d**3 - 1. Let b be v(0). What is the remainder when (b - -8)*1 + -1 is divided by 4?
2
Suppose -2*b = -5*m + 91, -m = -2 - 3. Let n = 61 + b. Let v(s) = -s**3 - 6*s**2 - s + 4. Calculate the remainder when n is divided by v(-6).
8
Let o = 4 - 1. Suppose o*a = -5*q - a + 14, -q + 5 = 3*a. Suppose -3*n = 15, 5*w - 3*n = q*n + 55. Calculate the remainder when 10 is divided by w.
4
Let y(l) = -3*l**3 - 2*l**2 + 0 + 0 + 1. Let q be y(-1). Suppose -56 = -q*r + 26. What is the remainder when r is divided by 14?
13
Let v(c) = c**3 - 17*c**2 - 16*c - 30. Calculate the remainder when 82 is divided by v(18).
4
Suppose 27 = 3*j - 12. Suppose -2*u = 2*u - 96. What is the remainder when u is divided by j?
11
Calculate the remainder when (-66)/(-8)*48/9 is divided by 9.
8
Suppose 3*l = -2*c - 0*c + 72, -4*l - 8 = 0. What is the remainder when c is divided by 112/20*5/2?
11
Let m be (-60)/14 + 14/49. Let j = m + 5. Calculate the remainder when 2 is divided by j.
0
Suppose -4*z - 3*k + 4 = -2*k, 2*z + 3*k = 2. Suppose z = -a + 3. Calculate the remainder when 30/9 + 3/(-9) is divided by a.
1
Let r(w) = -w**3 - 3*w**2 + 2. Let u be r(-3). Suppose -5*t + 305 = u*l, -l + 280 = 5*t - 4*l. Calculate the remainder when t is divided by 15.
14
Suppose t - 3 = -2*t. Calculate the remainder when 1 is divided by t.
0
Let w(b) = 2*b**2 + 12*b - 12. Calculate the remainder when 81 is divided by w(3).
39
Let r(y) = y**2 + 5*y + 4. Let i be r(-5). Suppose -5 = -2*q + 29. Calculate the remainder when q is divided by 3*3/6*i.
5
Suppose -12*l + 20*l = 1496. Calculate the remainder when l is divided by 38.
35
Calculate the remainder when 77 is divided by (-3)/(((-1 - -2) + 0)/(-7)).
14
Let j = -8 + 11. Suppose 0*k - j*u + 97 = 5*k, -2*k - u = -38. What is the remainder when k is divided by 6?
5
Suppose 0 = h + 3*p - 18, 5*p - 11 = 4. Calculate the remainder when 33 is divided by h.
6
Let v = -2 - -7. Calculate the remainder when 13 - ((-5 - -2) + v) is divided by 4.
3
Suppose 0*f - 8 = -2*f. Suppose f*p = -51 + 179. Suppose -4*y - 2 = -46. What is the remainder when p is divided by y?
10
Let t(c) = 2*c**2 + 7*c + 2. Let a(d) = 6*d + 0*d**3 + 5 - 11*d**2 - d**3 + 3*d**2. Calculate the remainder when a(-9) is divided by t(-5).
15
Suppose 5*j = 41 + 29. Let y(m) = m + 39. Calculate the remainder when y(0) is divided by j.
11
Let y = -115 + 164. Let w = 15 + -2. What is the remainder when y is divided by w?
10
Suppose 2*r - 4 = 4*r. Let b be (r - -75) + 1 + 0. Suppose 3*i - b = i. Calculate the remainder when i is divided by 10.
7
Suppose -16*p = -11*p - 140. What is the remainder when p is divided by 6?
4
Let r(q) = 2*q**2 - 6*q. Let s be r(4). What is the remainder when (220/s)/(2/4) is divided by 28?
27
Let m = -6 - -11. Suppose 0*o - 3*o - m = 4*d, -d - 15 = -2*o. Suppose o*p - 132 = -32. What is the remainder when p is divided by 7?
6
Let b = 87 - 77. What is the remainder when b is divided by 3?
1
Let z = -9 - -59. What is the remainder when z is divided by 13?
11
Suppose 3*l + 87 = 4*r, 3*r + 6*l - 74 = 10*l. What is the remainder when 64 is divided by r?
10
Let n(i) = 3*i + 5. Suppose 5*j + 0*j = 195. Calculate the remainder when j is divided by n(5).
19
Let w(v) = -v**3 - 11*v**2 - 10*v - 3. Let b be w(-10). Let x = 2 - b. What is the remainder when 18 is divided by x?
3
Let o = -2 + 5. What is the remainder when -32*o/(-3) - -3 is divided by 12?
11
Suppose -3*h + 0*h - 33 = c, 4*h + 124 = -4*c. Let y = 43 + c. Suppose 0 = -3*l + 2*r + 3*r + 5, 3*l - r = y. What is the remainder when 8 is divided by l?
3
Suppose -4*f + 48 = 16. Calculate the remainder when 10 is divided by f.
2
Let o be 35/14 - 2/(-4). Suppose o*r - 2 = 2*r. Let s = 11 - r. What is the remainder when 17 is divided by s?
8
Calculate the remainder when (179 - (2 + -1))*1 is divided by 37.
30
Suppose 0 = -2*m + 58 + 8. Let d = m + -16. Calculate the remainder when 32 is divided by d.
15
Suppose -4*b = -2*x + 2, -3*b = -2*x - 3*x + 5. Calculate the remainder when x is divided by 1.
0
Let s(g) = -5*g - 6. Suppose -3*h + 20 = f, -4*h - 8*f + 45 = -3*f. What is the remainder when s(-4) is divided by h?
4
Let h(r) = r**2 - 63. Let s be h(0). Let d = -45 - s. What is the remainder when 52 is divided by d?
16
Let a(i) = i**2 - 5*i. Let v be a(6). Let p(f) = f**2 - 8. What is the remainder when p(v) is divided by (-4)/14 - 288/(-28)?
8
Let h(q) = q**2 + 3*q + 3. What is the remainder when 61 is divided by h(-7)?
30
Suppose 4*q - 5*w = 17 + 14, 0 = -4*w - 12. What is the remainder when 18 is divided by q?
2
Let s = -11 - -13. Suppose 6 = q + s*j - 5, j = -5*q + 91. What is the remainder when 35 is divided by q?
16
Let k(c) = -7 - c - 17 + 37. What is the remainder when k(0) is divided by 5?
3
Let r(w) = w + 1. Let h be r(-7). What is the remainder when 73 is divided by 1 - (h/2 - 15)?
16
What is the remainder when (10/(-6))/(2/(-12)) is divided by ((-6)/4)/((-3)/8)?
2
Suppose 2*i = 3 + 3. Calculate the remainder when 7 is divided by i.
1
Suppose -3*l - f + 46 = 0, 62 = 5*l - 0*l - 2*f. What is the remainder when 97 is divided by l?
1